+ g. Suppose -4*l = -l - t. What are the prime factors of l?
2, 3
Suppose -i = 3*i - 156. What are the prime factors of i?
3, 13
Suppose -4*w + 4 = -364. What are the prime factors of w?
2, 23
Let p be 2*(-1)/(-2)*-1. Let s(j) be the second derivative of -2*j**3/3 + j**2/2 - 28*j. What are the prime factors of s(p)?
5
Let j = 10 - 34. Let m = 36 + j. What are the prime factors of m?
2, 3
Let w = -29 - -49. List the prime factors of w.
2, 5
Suppose 0 = 3*u - 4*z - 2 - 7, -3 = -z. List the prime factors of u.
7
Let x(t) = t + 1. Let c(m) = m**2 - 6*m - 6. Let i(l) = c(l) + 6*x(l). List the prime factors of i(-5).
5
What are the prime factors of 531/63 + (-3)/7?
2
Suppose 0 = 4*a - 5 - 3. Let m(r) = -2*r + 3. Let c be m(a). Let y(v) = -4*v**3 - v. List the prime factors of y(c).
5
Let w = -14 - -9. Let p(i) = 2*i**2 + 5*i - 5. List the prime factors of p(w).
2, 5
Let x(i) = i + 4*i**2 - 3*i**3 - 4*i + 2*i**3. Let k be x(2). What are the prime factors of (3 + -14)*(k + -3)?
11
Suppose 0 = -5*i - 0*i. Suppose 3*p + 2*p - 2*w - 260 = 0, -2*w + 10 = i. List the prime factors of p.
2, 3
Suppose 2*r + 3 = 3*k - 6, -5*k + 4*r + 15 = 0. Suppose -n + k = -12. List the prime factors of n.
3, 5
Let z(q) = q**2 + 4*q + 4. Let g be z(-6). Let m = g - 14. What are the prime factors of m?
2
Suppose -1065 = 2*w - 5*w - 4*u, -5*w + 1775 = 4*u. List the prime factors of w.
5, 71
What are the prime factors of (-254)/(-2) + (-26)/13?
5
Let g(l) = -l**2 - 6*l - 5. Let y be g(-5). Suppose -3*r - r + 152 = y. List the prime factors of r.
2, 19
Let a(z) = z**2 - 7*z + 3. Let v be a(6). Let i be (7 + v)*(0 - -1). Suppose -4*h + 27 = -5*o, -4*h + 3*h + i = -4*o. What are the prime factors of h?
2
Let g = 86 - 51. Suppose b = 5*r - 3*b + g, 0 = 2*b. Let q(t) = t**2 + 5*t - 2. List the prime factors of q(r).
2, 3
Let i = 64 - 2. Let g = i - 43. What are the prime factors of g?
19
Let b = -11 + 16. Let n(o) = o**3 - 6*o**2 + 4*o + 7. Let v be n(b). Suppose 0 = u - 5, -v*u + 0*u + 21 = y. List the prime factors of y.
11
Suppose 11*h - 450 = 5*h. List the prime factors of h.
3, 5
Let c(l) = -3*l**3 - 2*l**2 + l - 5. What are the prime factors of c(-4)?
151
Let g(d) = d**2 + 3*d - 3. Let a be g(-3). Let k be 8/20 - a/5. List the prime factors of 1/k + 1 + 5.
7
Let s(k) = k**3 + 2 + 3*k**2 - 4 + 0*k**3 - 6*k. Let a be s(-4). What are the prime factors of 56/6 - 2/a?
3
Let b(p) = 2*p**2 + 6*p + 5. Let g be -6 + 0 - (-2 + 0). List the prime factors of b(g).
13
Let p(i) = -6*i + 1 - 2 - 5 + 4. Let s be p(-3). Suppose -5*m + s = -14. What are the prime factors of m?
2, 3
Suppose -3*m + 8*m = 30. What are the prime factors of m?
2, 3
Suppose 2*s = 2*j - 0*j + 44, 18 = s - 2*j. Let i be (s/3)/(4/6). Let f = -3 + i. List the prime factors of f.
2, 5
Let n be (-4)/(-14) + (-142)/7. Let y be (-18)/(-10) - 4/n. Suppose o = -5*p, -4*p = y*o - 8*p - 28. What are the prime factors of o?
2, 5
Suppose -3*y = -3*i - 225, 3*y = 3*i + 2*y + 221. Let w = -50 - i. What are the prime factors of w?
23
Suppose 3*j - 103 = 2*s, j = -3*j - 2*s + 142. List the prime factors of j.
5, 7
Suppose 0*h - 3*h = -3. Let v = 4 + h. Suppose 3*t - v*r - 3 - 45 = 0, -3*t - r + 30 = 0. List the prime factors of t.
11
Let l be 5/(10/(-6)) - -3. Suppose -x - x + 118 = l. Suppose 3*y - 4*j - x = 0, -4*j + 3*j + 83 = 5*y. What are the prime factors of y?
17
Suppose -5*y + 27 = -y - 5*x, 0 = 4*y - x - 15. Suppose 0 = t + 3*t - 3*n - 130, y*n = t - 28. What are the prime factors of t?
2, 17
Let d = 5 + -1. Let c(a) = 2*a - 4*a + a - a**3 - a**2 + d. What are the prime factors of c(0)?
2
Let y(u) = -75*u**3 - u**2 + 2*u + 2. What are the prime factors of y(-1)?
2, 37
Let v(o) = o - 1. Let m(g) = 13*g - 5. Let w(d) = -m(d) + 6*v(d). List the prime factors of w(-2).
13
Suppose i - 4 = 4. Let w = -2 - -2. Suppose f = -w + i. List the prime factors of f.
2
Let v be (-2 + 1)/(3/27). Let c = 1 - v. Suppose f = 3*n + 14, -3*n = 2*f - f + c. List the prime factors of f.
2
Let g(c) = c**3 - 4*c**2 + 5*c + 1. Let u be g(4). Suppose -u - 30 = -3*w. What are the prime factors of w?
17
Suppose 0 = -4*x - 2*z + 48, x - 13 - 1 = -z. Let i = -4 + 10. Let v = x - i. What are the prime factors of v?
2
List the prime factors of (-22)/88 - 594/(-8).
2, 37
Let u be 30 - (-3)/(-1) - -1. Suppose 5*q = 2*v + v + u, -v - 20 = -3*q. What are the prime factors of q?
2
Let d = 18 + -12. Suppose k = -n + 3, 23 = d*k - k + 3*n. Let w(l) = -l**2 + 8*l + 1. List the prime factors of w(k).
2
Let r(c) = 5*c - 7. List the prime factors of r(7).
2, 7
Let u(i) = 12*i - 23. What are the prime factors of u(9)?
5, 17
Suppose m + 12 = -3*m. Let c be ((-8)/m)/(2/3). Suppose -5*u + 49 = -2*l, 0*l - 2*l - c = 0. List the prime factors of u.
3
Let n(z) = z**3 - 3*z**2 - 3*z - 2. Suppose 5*y = 0, 5*y = j - 1 - 3. Let l be n(j). What are the prime factors of (-1)/(l/64*-2)?
2
Suppose -4*u = 3*h + 14, 3*h + 6 = -5*u + 5*h. Let k be -5*(u/(-2) - 2). Suppose k*v = -0*v + 30. List the prime factors of v.
2, 3
Suppose 2 = r - 3. Let g(o) = o - 2. Let m be g(2). Suppose -r*i = k - 44, -2*i + k + 0*k + 12 = m. List the prime factors of i.
2
Suppose -22*f + 19*f + 648 = 0. List the prime factors of f.
2, 3
Suppose z = 74 - 2. List the prime factors of z.
2, 3
Let n be (-3)/6 + 3/(-6). Let c be 3/(n + 5/2). List the prime factors of c*((-6)/(-4) + 0).
3
Let a(u) = 3*u**2 - 4*u - 7. Let z be a(5). Let h = z - 25. Let f = h - 10. List the prime factors of f.
13
What are the prime factors of -1 + 226 - (60/10 - 7)?
2, 113
Suppose 402 = 2*a + 136. List the prime factors of a.
7, 19
List the prime factors of ((-9303)/8)/(-7) + (-1)/8.
2, 83
Let i = 0 + 6. Suppose o + 3*p = 3*o + i, -4 = -o - 2*p. Let v(a) = a + 8. What are the prime factors of v(o)?
2
Suppose x = 2*o + 87 + 48, -5*x = 5*o - 660. List the prime factors of x.
7, 19
Suppose 6 = 3*z + 5*j, 5*j = -4*z + 6*z - 4. Let o be (-72)/(-20) + z/5. Suppose o = 4*q, 2*w = 7*w - 4*q - 11. List the prime factors of w.
3
Suppose h - 4*y - 83 = 0, -y - 2*y = -h + 80. What are the prime factors of h?
71
Suppose 5*d - 3*c - 751 = 0, 5*d = -2*c - 93 + 859. What are the prime factors of d?
2, 19
Let d(p) = p**3 - 11*p**2 + 12*p - 12. Let w be d(10). What are the prime factors of ((-66)/w)/((-1)/4)?
3, 11
Suppose 10 - 22 = -3*s. Let z = -1 + s. Suppose -l + 2*l - z = 0. What are the prime factors of l?
3
Let g(o) = o**2 - 10*o + 8. Let s be g(9). Let f be 2/5 - 28/(-5). Let w = s + f. List the prime factors of w.
5
Suppose 0 = 2*i - 77 - 401. What are the prime factors of i?
239
Suppose 0 = -5*p - 0 + 25. Suppose -19 = p*u + 11. What are the prime factors of (-60)/9*u/4?
2, 5
Let p be (7/(-2))/(5/10). Let m = p - -10. Suppose 4 + 2 = m*w, 2*n - 32 = -4*w. What are the prime factors of n?
2, 3
Let j(g) = 4*g**2 + 5*g - 2. What are the prime factors of j(-3)?
19
Let c(q) = -8 + 0*q - 4*q - q + 6*q**2. Let z(w) = 5*w**2 - 4*w - 7. Let v(u) = -4*c(u) + 5*z(u). List the prime factors of v(-3).
2, 3
Let l = -10 - -6. Let w(k) = -k. What are the prime factors of w(l)?
2
Let h(o) = -5*o - 1. Let p = -2 + -1. List the prime factors of h(p).
2, 7
Suppose 3*d = -4*v + 167 + 13, 0 = -5*d + 4*v + 268. What are the prime factors of d?
2, 7
Let j(k) = 4*k - 2*k - 5 + 5. Let p(n) = 2*n - 6. Let z be p(6). What are the prime factors of j(z)?
2, 3
Suppose -3*t + 2*c = -c - 243, 5*t - 2*c - 393 = 0. What are the prime factors of t?
7, 11
Let s(k) = -k**2 - 1. Let t(f) = 2*f**2 + 9*f - 3. Let m(g) = 3*s(g) + t(g). Let r be m(7). Let o = 11 - r. List the prime factors of o.
3
What are the prime factors of (-18)/12 - (-218)/4?
53
Suppose l - 72 = -4*z + 67, 0 = -2*l + 5*z + 239. List the prime factors of l.
127
Let o be -1*(-2)/(-2) - -14. Let z be 3/(0 - -3)*-2. Let h = o + z. What are the prime factors of h?
11
Let g(i) = -i**2 + 9*i. Let u be g(9). Let d(h) = 0*h + h**2 - 2*h + u*h - 7. List the prime factors of d(5).
2
Let x(a) = 3*a + 3. Let i be x(-9). What are the prime factors of i/(-10)*15/6?
2, 3
Let q = -5 - -8. Suppose 5*g + 4*i = -11, -4*g + q*i + 22 = 6. Suppose 7 = j - g. What are the prime factors of j?
2
Suppose -5*z + 56 = 2*y, -z - 36 = -2*y + 4*z. List the prime factors of y.
23
Suppose 6 = 2*a - 0*a, 5*q + 4*a = 192. Suppose -5*w + q = 